{"id":11,"date":"2024-05-21T11:38:08","date_gmt":"2024-05-21T09:38:08","guid":{"rendered":"https:\/\/lp.compensa.pl\/polaczeni-compensa-wiener\/?page_id=11"},"modified":"2025-02-28T15:14:22","modified_gmt":"2025-02-28T14:14:22","slug":"home","status":"publish","type":"page","link":"https:\/\/lp.compensa.pl\/polaczeni-compensa-wiener\/","title":{"rendered":"Compensa i Wiener \u2013 po\u0142\u0105czeni"},"content":{"rendered":"<section class=\"container menu-navigation\">\n<div class=\"container menu-navigation__banner\">\n<figure class=\"menu-navigation__logo\"><a href=\"https:\/\/lp.compensa.pl\/polaczeni-compensa-wiener\" data-wplink-edit=\"true\"><img decoding=\"async\" style=\"width: 175px;\" src=\"https:\/\/lp.compensa.pl\/polaczeni-compensa-wiener\/wp-content\/themes\/generic-landing-page\/images\/icons\/logo-compensa.svg\" alt=\"Compensa logo\" width=\"175\" \/><\/a><\/figure>\n<nav id=\"header-navigation-menu\" class=\"menu-menu-glowne-container\">\n<ul id=\"menu-menu-glowne-3\" class=\"menu-navigation__menu d-flex text text--size-secundary text--weight-semi-bold\">\n<li class=\"menu-item menu-item-type-custom menu-item-object-custom menu-item-154\"><a href=\"#co_to_oznacza_dla_ciebie\">Co to oznacza dla Ciebie?<\/a><\/li>\n<li class=\"menu-item menu-item-type-custom menu-item-object-custom menu-item-156\"><a href=\"#o_grupie_vig\">O grupie VIG<\/a><\/li>\n<li class=\"menu-item menu-item-type-custom menu-item-object-custom menu-item-157\"><a href=\"#Informacje_prawne\">Informacje prawne<\/a><\/li>\n<\/ul>\n<\/nav><\/div>\n<\/section>\n\n<div id=\"\" class=\"top-navigation\" style=\"background-image: url(https:\/\/lp.compensa.pl\/polaczeni-compensa-wiener\/wp-content\/uploads\/sites\/23\/2024\/05\/Hero-sekcja-2.jpg)\">\n    <div class=\"container\">\n        <section class=\"col-lg-5 col-md-7 col-sm-8 col-12 baner-top banner-top__mieszkania-template\" id=\"\"  >\n                            <h1 class=\"baner-top__header text--header text--color-tertiary\">\n                    Compensa i Wiener                <\/h1>\n                        <div class=\"baner-top__description text\">\n                <p>Compensa staje si\u0119 w\u0142a\u015bcicielem marki Wiener.<\/p>\n            <\/div>\n                    <\/section>\n    <\/div>\n<\/div>\n\n\n\n    <section class=\"info-box-options space\"  id=\"info_box_options_0\">\n    <div class=\"container\">\n        \n        <div class=\"info-box-options__container-element info-box-options__container-element--green d-flex align-items-center flex-column justify-content-center   \">\n             <h3 class=\"text--header text--header-h2\">Czas du\u017cych zmian w ubezpieczeniach<\/h3>\n             \n            <span class=\"text text--size-primari text--center text--size-secundary\"> \n                Vienna Insurance Group, wla\u015bciciel marek Compensa i Wiener, \u0142\u0105czy obie sp\u00f3\u0142ki. Compensa TU SA Vienna Insurance Group staje si\u0119 w\u0142a\u015bcicielem marki Wiener.\n            <\/span>\n            <img decoding=\"async\" class=\"info-box-options__icon--center\" src=\"https:\/\/lp.compensa.pl\/polaczeni-compensa-wiener\/wp-content\/uploads\/sites\/23\/2024\/05\/Frame-8026.svg\" alt=\"Vienna Insurance Group, wla\u015bciciel marek Compensa i Wiener, \u0142\u0105czy obie sp\u00f3\u0142ki. Compensa TU SA Vienna Insurance Group staje si\u0119 w\u0142a\u015bcicielem marki Wiener.\">\n        <\/div>\n        <\/div>\n<\/section>\n\n\n<div id=\"\" class=\"container\">\n\t<section class=\"flexi-content\" id=\"co_to_oznacza_dla_ciebie\">\n\t\t\t\t\t<h2 class=\"text--header text--header-h2 flexi-content__main-header\">\n\t\t\t\tCo to oznacza dla Ciebie?\t\t\t<\/h2>\n\t\t\n\t\t\t\t\t<div class=\"row d-flex flexi-content__rotation flexi-content__rotation--right flexi-content__small-space\">\n\t\t\t\t<div class=\"col-lg-6 col-xs-5 d-flex flex-column justify-content-center\">\n\t\t\t\t\t\t\t\t\t\t\t<h2 class=\"text--header flexi-content__header flexi-content__header--small\">\n\t\t\t\t\t\t\tWi\u0119ksze bezpiecze\u0144stwo\t\t\t\t\t\t<\/h2>\n\t\t\t\t\t<!--                    -->                    <div class=\"flexi-content__images-box-mobile mt-xs-0 mt-5 d-xs-none d-block\">\n                        <img decoding=\"async\" src=\"https:\/\/lp.compensa.pl\/polaczeni-compensa-wiener\/wp-content\/uploads\/sites\/23\/2024\/05\/Compensa-blob\u00a7.png\" alt=\"\">\n                    <\/div>\n<!--                    -->\t\t\t\t\t<div class=\"flexi-content__description text\">\n\t\t\t\t\t\t<ul>\n<li>Po\u0142\u0105czone sp\u00f3\u0142ki tworz\u0105 4. co do wielko\u015bci firm\u0119 ubezpieczeniow\u0105 w Polsce oraz w Grupie VIG w Europie.<\/li>\n<li>Po\u0142\u0105czone sp\u00f3\u0142ki to silniejsza kapita\u0142owo, wi\u0119ksza i sprawniejsza firma.<\/li>\n<li>Dzi\u0119ki po\u0142\u0105czeniu jeste\u015bmy w stanie zagwarantowa\u0107 Pa\u0144stwu jeszcze wi\u0119ksze bezpiecze\u0144stwo i ochron\u0119 ubezpieczeniow\u0105, poszerzon\u0105 ofert\u0119 naszych produkt\u00f3w i obs\u0142ug\u0119 na najwy\u017cszym poziomie.<\/li>\n<\/ul>\n\t\t\t\t\t<\/div>\n\t\t\t\t\t\t\t\t\t<\/div>\n\n                    <div class=\"col-lg-6 col-xs-7 flexi-content__images-box mt-xs-0 mt-5 d-none d-xs-block\">\n                        <img decoding=\"async\" src=\"https:\/\/lp.compensa.pl\/polaczeni-compensa-wiener\/wp-content\/uploads\/sites\/23\/2024\/05\/Compensa-blob\u00a7.png\" alt=\"\">\n                    <\/div>\n\n\t\t\t<\/div>\n\t\t\t\t\t<div class=\"row d-flex flexi-content__rotation flexi-content__rotation--left flexi-content__small-space\">\n\t\t\t\t<div class=\"col-lg-6 col-xs-5 d-flex flex-column justify-content-center\">\n\t\t\t\t\t\t\t\t\t\t\t<h2 class=\"text--header flexi-content__header flexi-content__header--small\">\n\t\t\t\t\t\t\tDu\u017ce zmiany dla nas, ale nie dla Was\t\t\t\t\t\t<\/h2>\n\t\t\t\t\t<!--                    -->                    <div class=\"flexi-content__images-box-mobile mt-xs-0 mt-5 d-xs-none d-block\">\n                        <img decoding=\"async\" src=\"https:\/\/lp.compensa.pl\/polaczeni-compensa-wiener\/wp-content\/uploads\/sites\/23\/2024\/05\/Compensa-b2lob.png\" alt=\"\">\n                    <\/div>\n<!--                    -->\t\t\t\t\t<div class=\"flexi-content__description text\">\n\t\t\t\t\t\t<p><strong>Po\u0142\u0105czenie w \u017caden spos\u00f3b nie wp\u0142ywa na warunki zawartych um\u00f3w ubezpieczenia naszych Klient\u00f3w<\/strong>, a zatem nie wymaga \u017cadnego dzia\u0142ania z Pa\u0144stwa strony.<\/p>\n<ul>\n<li>Marki Compensa i Wiener nie zmieniaj\u0105 si\u0119<\/li>\n<li>Numery infolinii oraz adresy e\u2011mail pozostaj\u0105 bez zmian<\/li>\n<li>Compensa przejmuje wszystkie prawa i obowi\u0105zki Wiener, kt\u00f3re wynikaj\u0105 z um\u00f3w ubezpieczenia<\/li>\n<\/ul>\n\t\t\t\t\t<\/div>\n\t\t\t\t\t\t\t\t\t<\/div>\n\n                    <div class=\"col-lg-6 col-xs-7 flexi-content__images-box mt-xs-0 mt-5 d-none d-xs-block\">\n                        <img decoding=\"async\" src=\"https:\/\/lp.compensa.pl\/polaczeni-compensa-wiener\/wp-content\/uploads\/sites\/23\/2024\/05\/Compensa-b2lob.png\" alt=\"\">\n                    <\/div>\n\n\t\t\t<\/div>\n\t\t\t<\/section>\n<\/div>\n\n\n<div id=\"\" class=\"container\">\n\t<section class=\"flexi-content\" id=\"o_grupie_vig\">\n\t\t\t\t\t<h2 class=\"text--header text--header-h2 flexi-content__main-header\">\n\t\t\t\tO grupie VIG\t\t\t<\/h2>\n\t\t\n\t\t\t\t\t<div class=\"row d-flex flexi-content__rotation flexi-content__rotation--right flexi-content__small-space\">\n\t\t\t\t<div class=\"col-lg-6 col-xs-5 d-flex flex-column justify-content-center\">\n\t\t\t\t\t\t\t\t\t\t\t<h2 class=\"text--header flexi-content__header flexi-content__header--small\">\n\t\t\t\t\t\t\tWiod\u0105ca grupa ubezpieczeniowa w Europie \u015arodkowo-Wschodniej (CEE).\t\t\t\t\t\t<\/h2>\n\t\t\t\t\t<!--                    -->                    <div class=\"flexi-content__images-box-mobile mt-xs-0 mt-5 d-xs-none d-block\">\n                        <img decoding=\"async\" src=\"https:\/\/lp.compensa.pl\/polaczeni-compensa-wiener\/wp-content\/uploads\/sites\/23\/2024\/05\/g9565.png\" alt=\"\">\n                    <\/div>\n<!--                    -->\t\t\t\t\t<div class=\"flexi-content__description text\">\n\t\t\t\t\t\t<ul>\n<li>Rozwijamy <strong>50 sp\u00f3\u0142ek<\/strong> na terenie Europy<\/li>\n<li>Jeste\u015bmy obecni na <strong>30 rynkach w Europie<\/strong><\/li>\n<li>Zatrudniamy <strong>29 000 os\u00f3b<\/strong><\/li>\n<li>Obs\u0142ugujemy <strong>28 milion\u00f3w Klient\u00f3w<\/strong><\/li>\n<li>Otrzymali\u015bmy <strong>ocen\u0119 A+<\/strong> od Standard&amp;Poor\u2019s<\/li>\n<\/ul>\n\t\t\t\t\t<\/div>\n\t\t\t\t\t\t\t\t\t<\/div>\n\n                    <div class=\"col-lg-6 col-xs-7 flexi-content__images-box mt-xs-0 mt-5 d-none d-xs-block\">\n                        <img decoding=\"async\" src=\"https:\/\/lp.compensa.pl\/polaczeni-compensa-wiener\/wp-content\/uploads\/sites\/23\/2024\/05\/g9565.png\" alt=\"\">\n                    <\/div>\n\n\t\t\t<\/div>\n\t\t\t<\/section>\n<\/div>\n\n\n\n    <section class=\"info-box-options space\"  id=\"Informacje_prawne\">\n    <div class=\"container\">\n        <h2 class='text--header text--header-h2'>Informacje prawne<\/h2>\n        <div class=\"info-box-options__container-element info-box-options__container-element--white d-flex align-items-md-start align-items-center flex-md-row flex-column justify-content-md-start justify-content-center info-box-options__container-element--box-shadow  \">\n             <h3 class=\"text--header text--header-h2\"><\/h3>\n             <img decoding=\"async\" class=\"info-box-options__icon mb-md-0 mb-4\" src=\"https:\/\/lp.compensa.pl\/polaczeni-compensa-wiener\/wp-content\/uploads\/sites\/23\/2024\/05\/Group-109-1-1.svg\" alt=\"Compensa Towarzystwo Ubezpiecze\u0144 Sp\u00f3\u0142ka Akcyjna Vienna Insurance Group \u0142\u0105czy si\u0119 z Wiener Towarzystwo Ubezpiecze\u0144 Sp\u00f3\u0142ka Akcyjna Vienna Insurance Group. Po\u0142\u0105czenie sp\u00f3\u0142ek odbywa si\u0119 poprzez przeniesienie ca\u0142ego maj\u0105tku Wienera, jako sp\u00f3\u0142ki przejmowanej, na Compens\u0119, jako sp\u00f3\u0142k\u0119 przejmuj\u0105c\u0105 zgodnie z art. 492 \u00a7 1 pkt 1 Kodeksu sp\u00f3\u0142ek handlowych. Compensa Towarzystwo Ubezpiecze\u0144 Sp\u00f3\u0142ka Akcyjna Vienna Insurance Group staje si\u0119 w\u0142a\u015bcicielem marki Wiener.Termin zmiany w\u0142a\u015bciciela marki Wiener zostanie podany do wiadomo\u015bci publicznej\">\n            <span class=\"text text--size-primari \"> \n                Compensa Towarzystwo Ubezpiecze\u0144 Sp\u00f3\u0142ka Akcyjna Vienna Insurance Group \u0142\u0105czy si\u0119 z Wiener Towarzystwo Ubezpiecze\u0144 Sp\u00f3\u0142ka Akcyjna Vienna Insurance Group. Po\u0142\u0105czenie sp\u00f3\u0142ek odbywa si\u0119 poprzez przeniesienie ca\u0142ego maj\u0105tku Wienera, jako sp\u00f3\u0142ki przejmowanej, na Compens\u0119, jako sp\u00f3\u0142k\u0119 przejmuj\u0105c\u0105 zgodnie z art. 492 \u00a7 1 pkt 1 Kodeksu sp\u00f3\u0142ek handlowych. Compensa Towarzystwo Ubezpiecze\u0144 Sp\u00f3\u0142ka Akcyjna Vienna Insurance Group staje si\u0119 w\u0142a\u015bcicielem marki Wiener.Termin zmiany w\u0142a\u015bciciela marki Wiener zostanie podany do wiadomo\u015bci publicznej\n            <\/span>\n            \n        <\/div>\n        <\/div>\n<\/section>\n\n\n<footer class=\"footer\">\n<div class=\"container footer__text-box d-flex\">\n<p class=\"text text--reset-anchor\">Compensa 2024<br \/>Niniejszy materia\u0142 ma charakter wy\u0142\u0105cznie marketingowy<br \/>lub reklamowy i nie stanowi oferty w rozumieniu art. 66 k.c.,<br \/>a tak\u017ce nie ma charakteru materia\u0142u doradczego.<\/p>\n<div class=\"d-flex footer__box-icon\"><a class=\"footer__icon\" href=\"https:\/\/www.facebook.com\/CompensaPolska\/?locale=pl_PL\" target=\"_blank\" rel=\"noopener\"><br \/><img decoding=\"async\" src=\"https:\/\/lp.compensa.pl\/polaczeni-compensa-wiener\/wp-content\/themes\/generic-landing-page\/images\/icons\/fb.svg\" alt=\"\" \/><br \/><\/a><br \/><a class=\"footer__icon\" href=\"https:\/\/www.instagram.com\/compensapolska\/\" target=\"_blank\" rel=\"noopener\"><br \/><img decoding=\"async\" src=\"https:\/\/lp.compensa.pl\/polaczeni-compensa-wiener\/wp-content\/themes\/generic-landing-page\/images\/icons\/ig.svg\" alt=\"\" \/><br \/><\/a><br \/><a class=\"footer__icon\" href=\"https:\/\/www.linkedin.com\/company\/compensa-polska\/?originalSubdomain=pl\" target=\"_blank\" rel=\"noopener\"><br \/><img decoding=\"async\" src=\"https:\/\/lp.compensa.pl\/polaczeni-compensa-wiener\/wp-content\/themes\/generic-landing-page\/images\/icons\/in.svg\" alt=\"\" \/><br \/><\/a><br \/><a class=\"footer__icon\" href=\"https:\/\/www.youtube.com\/channel\/UCVtFaTaHeovTz92yCtgt-jg\/about\" target=\"_blank\" rel=\"noopener\"><br \/><img decoding=\"async\" src=\"https:\/\/lp.compensa.pl\/polaczeni-compensa-wiener\/wp-content\/themes\/generic-landing-page\/images\/icons\/yt.svg\" alt=\"\" \/><br \/><\/a><\/div>\n<\/div>\n<\/footer>","protected":false},"excerpt":{"rendered":"<p>Co to oznacza dla Ciebie? O grupie VIG Informacje prawne Compensa 2024Niniejszy materia\u0142 ma charakter wy\u0142\u0105cznie marketingowylub reklamowy i nie stanowi oferty w rozumieniu art. 66 k.c.,a tak\u017ce nie ma charakteru materia\u0142u doradczego.<\/p>\n","protected":false},"author":4,"featured_media":0,"parent":0,"menu_order":0,"comment_status":"closed","ping_status":"closed","template":"","meta":{"_acf_changed":false,"inline_featured_image":false,"footnotes":""},"class_list":["post-11","page","type-page","status-publish","hentry"],"acf":[],"_links":{"self":[{"href":"https:\/\/lp.compensa.pl\/polaczeni-compensa-wiener\/wp-json\/wp\/v2\/pages\/11","targetHints":{"allow":["GET"]}}],"collection":[{"href":"https:\/\/lp.compensa.pl\/polaczeni-compensa-wiener\/wp-json\/wp\/v2\/pages"}],"about":[{"href":"https:\/\/lp.compensa.pl\/polaczeni-compensa-wiener\/wp-json\/wp\/v2\/types\/page"}],"author":[{"embeddable":true,"href":"https:\/\/lp.compensa.pl\/polaczeni-compensa-wiener\/wp-json\/wp\/v2\/users\/4"}],"replies":[{"embeddable":true,"href":"https:\/\/lp.compensa.pl\/polaczeni-compensa-wiener\/wp-json\/wp\/v2\/comments?post=11"}],"version-history":[{"count":32,"href":"https:\/\/lp.compensa.pl\/polaczeni-compensa-wiener\/wp-json\/wp\/v2\/pages\/11\/revisions"}],"predecessor-version":[{"id":218,"href":"https:\/\/lp.compensa.pl\/polaczeni-compensa-wiener\/wp-json\/wp\/v2\/pages\/11\/revisions\/218"}],"wp:attachment":[{"href":"https:\/\/lp.compensa.pl\/polaczeni-compensa-wiener\/wp-json\/wp\/v2\/media?parent=11"}],"curies":[{"name":"wp","href":"https:\/\/api.w.org\/{rel}","templated":true}]}}